vided by f?
13
Let v = 20 - 9. Calculate the remainder when 41 is divided by v.
8
Let g(k) be the second derivative of -17*k**3/6 - k**2 + k. Suppose -4*t = 1 - 5, 7 = -5*r - 3*t. What is the remainder when g(r) is divided by 11?
10
Let x = 84 - 69. Calculate the remainder when 40 is divided by x.
10
Let i be 4/(-2)*(-46)/4. Suppose 0 = j - n - i - 9, j - 22 = -n. Calculate the remainder when j is divided by 10.
7
Let y be (3 - 5)/(2/(-2)). Suppose -y*q + 28 = 2*q. What is the remainder when -2*((-11)/2 - 1) is divided by q?
6
Let k be 80/44 + 2/11. Suppose -3*o = 3, -2*c + 150 = k*c - 2*o. What is the remainder when (-1 - c)*(1 - 2) is divided by 13?
12
Suppose -3 - 77 = -4*o. Let j = -21 - -35. Calculate the remainder when o is divided by (-3 + 1)*j/(-4).
6
Let g = -4 + 7. What is the remainder when 1*1/2*10 is divided by g?
2
Let t(r) = -4*r**2. Let v be t(1). What is the remainder when 49 is divided by (1/(-3))/(v/204)?
15
Suppose 176 = 4*r - 0*a + 5*a, 2*a - 139 = -3*r. Calculate the remainder when r is divided by 17.
15
Let n be (-2)/(-2)*(-1 + 1). Suppose n = -a + 6*a - 165. What is the remainder when a is divided by 12?
9
Suppose 3*g - 6 = -3. Suppose -u = -2*v + v - 3, v - 4*u = -3. What is the remainder when g is divided by (-3)/(-18)*-2*v?
0
Let d be (-4)/12 + (-94)/(-3). Let h = 82 - d. Calculate the remainder when h is divided by 13.
12
Let g = 51 + -28. Calculate the remainder when g is divided by 6.
5
Suppose 0 = 4*y - y - 45. What is the remainder when 55 is divided by y?
10
Let b = -50 + 75. Let g = -2 + 15. What is the remainder when b is divided by g?
12
Let j be (-4)/10 - 384/40. Let o = 53 + j. Calculate the remainder when o is divided by 11.
10
Let u be (1 - -1) + 1 - -2. Suppose 0 = -10*i + u*i + 10. What is the remainder when (1 - 2/6)*6 is divided by i?
0
What is the remainder when 212 is divided by (-4)/7 + -5 + 2380/49?
40
Suppose -k + 4*k - 5*g - 41 = 0, -k + g + 17 = 0. What is the remainder when 87 is divided by k?
21
Suppose 2*j + 3*j - 2*k - 36 = 0, -5*j + 21 = 3*k. What is the remainder when (24 + -7)*(2 - 1) is divided by j?
5
Suppose 2*l - 3 = 1. Suppose -t + 18 = l*t + i, 9 = 3*i. Calculate the remainder when 14 is divided by t.
4
Let l = -4 - -4. Suppose 2*m - 4 = -2*h + h, l = -m - 2. Suppose -2*p = 3*v - 13, -2*v + 9 + 3 = 2*p. Calculate the remainder when h is divided by p.
3
Let h(u) = -u**2 - 8*u - 9. Let y be h(-6). Suppose -12 = -2*q + q - p, 5*q + y*p = 56. What is the remainder when (-4)/(-18) - 507/(-27) is divided by q?
9
Suppose -37 = -2*j - 3. What is the remainder when j is divided by (-6)/21 - 88/(-14)?
5
Let o(g) be the first derivative of -7/2*g**2 + 2/3*g**3 + 4*g + 3. Calculate the remainder when 14 is divided by o(4).
6
Let m(q) be the third derivative of -q**5/60 + 19*q**3/6 + 4*q**2. Suppose 0 = 4*k - 0*k - 224. Calculate the remainder when k is divided by m(0).
18
Let u = 32 - -150. What is the remainder when u is divided by 46?
44
Let v = -87 + 218. Calculate the remainder when v is divided by 27.
23
What is the remainder when 9/(-2)*480/(-36) is divided by 31?
29
Let k(c) = c**3 + 9*c**2 + 6. Let x(p) = -3*p - 2. What is the remainder when x(-6) is divided by k(-9)?
4
Let i = -40 - -89. Calculate the remainder when i is divided by (26/4)/(1/2).
10
Suppose 2*r = -3*r - 20, 5 = 3*f - 2*r. What is the remainder when 7 is divided by 2 - (-2)/(3 + f)?
1
Let c = 22 - 17. Calculate the remainder when 13 is divided by c.
3
Let w(z) = z + 10. Let n be w(-8). Suppose -t - n = -3*t. What is the remainder when 2 is divided by t?
0
Let l(w) = -w**3 + w**2 + w + 9. Suppose -5*n - f + 33 = 0, 0 = 2*n - 2*f + 6*f - 24. Calculate the remainder when l(0) is divided by n.
3
Suppose 0 = -3*n + 9*n - 1128. Calculate the remainder when n is divided by 49.
41
Let l(x) = -x**3 + 5*x**2 + x - 4. Let m = 172 - 111. What is the remainder when m is divided by l(4)?
13
Suppose -6 = 3*s - 0, -4 = 3*u + 5*s. Let d(y) = y - 1. Calculate the remainder when d(5) is divided by u.
0
Suppose 4*n + w = 48, -w + 4*w = 12. Let l = 63 + -42. Calculate the remainder when l is divided by n.
10
Let w(m) = -m + 34. Let p(s) be the first derivative of 6*s**2 - 3*s + 1. Calculate the remainder when w(-6) is divided by p(2).
19
Let t(j) = -71*j**2 + j. Let a(s) = 212*s**2 - 4*s. Let p(x) = -2*a(x) - 7*t(x). What is the remainder when p(-1) is divided by 15?
12
Let y = -4 - -2. Let b(z) = -3*z - 2. Let i be b(y). Suppose -u + 12 = -2*d - 18, 0 = -i*u + 4*d + 116. Calculate the remainder when u is divided by 10.
8
Calculate the remainder when 85 is divided by (184/(-16))/(2/(-4)).
16
Suppose 7*q - 69 = 92. Calculate the remainder when 90 is divided by q.
21
Calculate the remainder when 15 is divided by ((-28)/8 - -3)*(-2 - 0).
0
Let h = -4 + 6. Let g = 11 + -29. What is the remainder when 13 is divided by 0 + g/(-3) - h?
1
Suppose 5*b + o - 126 = 0, -4*b - 3*o + 38 = -54. What is the remainder when 49 is divided by b?
23
Suppose 69 = 3*h - 21. Calculate the remainder when 87 is divided by h.
27
Suppose 0 = -3*f - 5 + 14. Suppose f*j - 28 = -j. What is the remainder when j is divided by 3?
1
Suppose 7*d - 49 - 56 = 0. What is the remainder when d is divided by 12?
3
Suppose -3*f + f = -86. What is the remainder when f is divided by 23?
20
Let b(x) = x + 56. Calculate the remainder when b(0) is divided by 29.
27
Suppose -72 = -3*h + 7*h. Calculate the remainder when 15*-3*20/h is divided by 13.
11
Suppose -80 = -12*j + 8*j. Suppose -x = f - j, -4*x + 2*f = -3*x - 17. What is the remainder when x is divided by 5?
4
Let x(n) = n**3 + 7*n**2 - 4*n - 4. Calculate the remainder when x(-7) is divided by 14.
10
Let g = 0 - -5. What is the remainder when (32/5)/(1/g) is divided by 11?
10
Suppose -2*n - 1 = -7. Let a(v) = v**2 + 3*v - 3. Calculate the remainder when a(-5) is divided by n.
1
Let p(c) = -c + 4. Suppose 5*l - 35 = 5*m, -5*l - 8 = -28. Calculate the remainder when 26 is divided by p(m).
5
Suppose 0 = 5*i - 11 - 4. What is the remainder when 3 is divided by i?
0
Let s be 14*2/((-4)/(-3)). Suppose -17 - s = -y. Suppose -y - 30 = -2*c. What is the remainder when c is divided by 12?
10
Calculate the remainder when 57 is divided by -2 + 9 + 1 - -4.
9
Suppose -64 = -3*f + 200. What is the remainder when f is divided by 18?
16
Calculate the remainder when 87 is divided by ((-18)/(-10))/(13/130).
15
Suppose 8*x - 633 - 23 = 0. What is the remainder when x is divided by 28?
26
Suppose 4*f - 5*g - 80 = -27, -3*f + 2*g + 38 = 0. Calculate the remainder when 45 is divided by f.
9
Suppose -4*h + 12 = 4. Suppose -h*z = -z - 16. Let q(f) = 2*f**2 + 18*f + 2. What is the remainder when q(-11) is divided by z?
14
Suppose -405 = -4*f + 5*r + 24, 5 = -5*r. Calculate the remainder when f is divided by 36.
34
Calculate the remainder when 7 + (4 - (-3 - -5)) is divided by 2.
1
Let g(i) = i**3 - 2*i**2 + i - 2. Let h be g(2). Let y(k) = -3*k + 5*k - 5 + h*k. What is the remainder when 4 is divided by y(4)?
1
Let h(q) = 2*q**2 + 0*q + 7*q - 2*q + 4. Calculate the remainder when (69/(-12))/((-4)/32) is divided by h(-4).
14
Let i be 4/2 + -4 + 4. Let p = i - 5. Calculate the remainder when 27 is divided by (-2)/((p/(-21))/(-1)).
13
Let o = -113 + 250. Suppose -4*a = -a - 9. Suppose u - 33 = -2*d, -a*u - 4*d = -8*u + o. What is the remainder when u is divided by 16?
13
Let f(i) = 4*i**2 - 3*i + 3. Let q be f(-3). Let o = -26 + q. Calculate the remainder when o is divided by 6.
4
Let h be 90/(-4) - (-1)/(-2). Suppose -2*l + 108 - 22 = 0. Let n = l + h. What is the remainder when n is divided by 7?
6
Suppose -5*z - 16 = -3*z. Calculate the remainder when 30 is divided by (1 + -2)/(1/z).
6
What is the remainder when 94 is divided by ((-72)/(-21))/((-2)/(-14))?
22
Let u(c) = -c**2 - 16*c + 18. Calculate the remainder when u(-16) is divided by 4.
2
Let k(t) = 6*t**3. What is the remainder when k(2) is divided by 26?
22
Let p = 10 - 2. Suppose c + 12 - 96 = 0. Suppose -c = -3*h - 21. Calculate the remainder when h is divided by p.
5
Let m(d) = 4*d + 5. Let y be m(4). Let q = 33 - y. Suppose 0 = l - x - 22, -l - x + 0*x = -22. Calculate the remainder when l is divided by q.
10
Let m(f) = 2*f - 5. Suppose -g - t = -0*t + 2, t = g - 6. What is the remainder wh